111281399 composite?
False
Is 5473381 composite?
True
Is 16348939 prime?
True
Is 18831517 composite?
False
Is 1766497 composite?
True
Is 2176974967 composite?
True
Is 5116291 prime?
True
Is 76090253 composite?
False
Is 1843643 composite?
False
Is 187937878 composite?
True
Is 28872721 prime?
True
Is 143840063 a composite number?
False
Is 21859345 a composite number?
True
Is 2940853 prime?
True
Is 126773 a composite number?
True
Is 125739151 a composite number?
False
Is 9321997 a prime number?
False
Is 16205983 composite?
True
Is 82563557 prime?
False
Is 713555 prime?
False
Is 4749439 prime?
False
Is 44310459 prime?
False
Is 2331774565 a composite number?
True
Is 929125658 composite?
True
Is 1223381297 a composite number?
False
Is 25540961 prime?
True
Is 16471277 a composite number?
False
Is 1946999 prime?
True
Is 673727 a composite number?
True
Is 3908119 prime?
True
Is 1823251 a prime number?
False
Is 118270129 composite?
False
Is 61963763 a prime number?
True
Is 35338042 prime?
False
Is 4417351 prime?
True
Is 13642939 a prime number?
False
Is 144574765 composite?
True
Is 86526469 a composite number?
True
Is 107116271 a composite number?
False
Is 716857 a composite number?
False
Is 1048715 composite?
True
Is 17029643 composite?
True
Is 237137 composite?
False
Is 112888999 composite?
False
Is 10940597 composite?
False
Is 58193931 prime?
False
Is 15474079 a prime number?
False
Is 8902911 composite?
True
Is 4244983 a composite number?
False
Is 103694614 a prime number?
False
Is 526562951 composite?
False
Is 170564195 a composite number?
True
Is 203659253 a composite number?
True
Is 6135387 prime?
False
Is 720152891 a prime number?
True
Is 1053769 a composite number?
False
Is 3712603 a composite number?
True
Is 5351719 a prime number?
False
Is 20001019 prime?
True
Is 151673329 a composite number?
False
Is 13332169 prime?
True
Is 49544489 prime?
True
Is 2604059 a prime number?
False
Is 312917153 composite?
True
Is 673144889 a prime number?
True
Is 7065571 a prime number?
False
Is 986159 composite?
True
Is 239514677 a composite number?
True
Is 66877919 prime?
True
Is 1005799 prime?
False
Is 307062103 a composite number?
True
Is 7365759 prime?
False
Is 2432657 a composite number?
False
Is 408717887 prime?
True
Is 182755 a prime number?
False
Is 152135821 composite?
True
Is 927767 a composite number?
True
Is 86715683 a prime number?
True
Is 376463 prime?
True
Is 13805789 composite?
True
Is 1575071 prime?
True
Is 19117951 prime?
True
Is 23321395 a prime number?
False
Is 2230521 a prime number?
False
Is 43835069 composite?
False
Is 468491 prime?
True
Is 320034371 composite?
False
Is 2015771 a prime number?
True
Is 2494627 prime?
True
Is 21175681 prime?
False
Is 5890295 a composite number?
True
Is 14744482 a prime number?
False
Is 249057331 prime?
False
Is 1038797 composite?
False
Is 228372217 a prime number?
False
Is 9061469 composite?
False
Is 314533463 a prime number?
True
Is 27264271 prime?
True
Is 29508023 a composite number?
True
Is 486097399 prime?
True
Is 75830253 composite?
True
Is 794371 prime?
False
Is 1802441 prime?
False
Is 406505369 a prime number?
False
Is 16069453 a prime number?
True
Is 2791517 prime?
False
Is 12497 composite?
False
Is 82490209 composite?
False
Is 13101221 prime?
False
Is 25275763 prime?
True
Is 11817943 composite?
True
Is 160195111 a composite number?
False
Is 137531 a prime number?
False
Is 2510619 prime?
False
Is 4771589 prime?
True
Is 1391513 prime?
False
Is 11704387 prime?
True
Is 15880745 prime?
False
Is 340435 composite?
True
Is 153432821 a prime number?
False
Is 17757091 composite?
True
Is 10468133 a prime number?
False
Is 1269683 a composite number?
False
Is 529559 composite?
True
Is 12194389 a composite number?
True
Is 516319 a prime number?
True
Is 11406097 prime?
True
Is 1460987 composite?
True
Is 13181449 a composite number?
True
Is 8120555 a prime number?
False
Is 33050803 prime?
False
Is 18808487 a composite number?
False
Is 50930314 composite?
True
Is 176809021 composite?
True
Is 524497 prime?
True
Is 1155669 composite?
True
Is 151511 prime?
False
Is 5619281 a composite number?
False
Is 269851 prime?
True
Is 68329 a prime number?
True
Is 84460949 a composite number?
False
Is 234037851 prime?
False
Is 84375163 prime?
True
Is 346169 a composite number?
False
Is 186811 a prime number?
False
Is 84124367 a composite number?
False
Is 67279099 prime?
True
Is 423316709 prime?
True
Is 14536609 a composite number?
True
Is 45715247 a composite number?
False
Is 579031 a composite number?
True
Is 428833 prime?
True
Is 16608107 a prime number?
False
Is 338031653 a composite number?
False
Is 207763 a composite number?
False
Is 372497 composite?
False
Is 121309 composite?
False
Is 109755302 a composite number?
True
Is 18235667 a composite number?
False
Is 37266763 a composite number?
False
Is 26542771 prime?
False
Is 96048599 composite?
True
Is 1321955 a prime number?
False
Is 1943993 composite?
False
Is 45733883 a composite number?
True
Is 3579481 prime?
True
Is 5395057 prime?
True
Is 89734417 prime?
True
Is 206825447 a prime number?
True
Is 3574037 composite?
False
Is 3577351 prime?
False
Is 7203134 a composite number?
True
Is 16353193 composite?
True
Is 6384293 a prime number?
False
Is 37188637 a composite number?
False
Is 22541549 composite?
False
Is 33219115 prime?
False
Is 14175203 composite?
True
Is 723883 a composite number?
True
Is 24421723 a prime number?
True
Is 2016919 composite?
False
Is 1419311 a composite number?
False
Is 34889789 prime?
False
Is 50441 a composite number?
False
Is 14126377 prime?
False
Is 208131121 a composite number?
True
Is 117502279 a prime number?
True
Is 17306197 composite?
False
Is 1594837 a composite number?
False
Is 2550791 a composite number?
False
Is 564101 a composite number?
True
Is 484019 a prime number?
True
Is 33886607 composite?
True
Is 25698037 prime?
True
Is 1853359 composite?
True
Is 79684667 prime?
True
Is 23795063 a prime number?
False
Is 495933 a prime number?
False
Is 39623083 prime?
True
Is 9790535 a composite number?
True
Is 378657911 prime?
True
Is 62569477 a prime number?
False
Is 982271 composite?
False
Is 231207 prime?
False
Is 14517863 prime?
False
Is 3865033 prime?
False
Is 930392231 composite?
False
Is 156504073 composite?
True
Is 400651 a prime number?
True
Is 1035187 prime?
True
Is 56671837 composite?
True
Is 668597 a composite number?
True
Is 17162053 prime?
True
Is 48590407 a composite number?
False
Is 40953194 a prime number?
False
Is 26443609 composite?
True
Is 161710321 prime?
True
Is 479437113 composite?
True
Is 983077 prime?
False
Is 11158639 prime?
False
Is 8828953 a composite number?
True
Is 10621423 composite?
True
Is 31947339 a prime number?
False
Is 6033961 prime?
False
Is 419220727 a composite number?
False
Is 147024923 prime?
False
Is 998779 prime?
True
Is 103734581 a prime number?
True
Is 458893103 composite?
False
Is 792168803 prime?
True
Is 3782039 prime?
True
Is 8910971 composite?
False
Is 48650891 composite?
False
Is 231767153 a prime number?
True
Is 73320935 a composite number?
True
Is 11687693 a composite number?
False
Is 847921 composite?
True
Is 1925796061 a composite number?
True
Is 712189 prime?
False
Is 485327 prime?
False
Is 818429 prime?
True
Is 48714071 a prime number?
False
Is 13516337 composite?
True
Is 18524159 prime?
False
Is 2020409 a composite number?
False
Is 14378647 a composite number?
False
Is 1491341 a composite number?
True
Is 96829157 prime?
True
Is 334070741 a composite number?
True
Is 6293779 prime?
False
Is 37949 composite?
True
Is 18518083 prime?
False
Is 1831117 prime?
False
Is 5524037 a composite number?
True
Is 39713159 prime?
True
Is 329971 a composite number?
True
Is 19348871 prime?
True
Is 476309 prime?
False
Is 24346247 prime?
False
Is 41710631 a composite number?
False
Is 3699593 prime?
False
Is 3966395 a prime number?
False
Is 1085572027 a composite number?
False
Is 278062823 a composite number?
False
Is 378527 a prime number?
False
Is 9231427 composite?
False
Is 7792121 prime?
True
Is 32107015 prime?
False
Is 4562554 composite?
True
Is 12320309 a composite number?
False
Is 12810899 prime?
True
Is 1251641 prime?
True
Is 24137981 composite?
True
Is 1454797 composite?
True
Is 2223317 a composite num